?
10
Let n be (-848)/(-14) - (-4)/(-7). Suppose j - n = -5*j. Calculate the highest common divisor of 5 and j.
5
Let g be 1*(-9 + 17) - -50. Calculate the greatest common divisor of g and 667.
29
Let c be -2*11*((-39)/(-6) - 6). Let x(z) = z**3 + 11*z**2 - 3*z - 22. Let d be x(c). Calculate the greatest common divisor of 77 and d.
11
Suppose -5*g + 2*g + a = -257, -8 = 4*a. Calculate the greatest common divisor of g and 68.
17
Let h(z) = -7 - z**3 + 35 + z + 4 + 3*z**2. Let o be h(0). What is the highest common divisor of 32 and o?
32
Suppose -14*z = -11*z - 45. Calculate the greatest common divisor of z and 35.
5
Let r = 9 - 6. Suppose 30 = -r*w + 5*w. Suppose -9 = -t + h, 27*t + 3*h = 29*t - 17. Calculate the greatest common factor of w and t.
5
Suppose -38*y + 21*y = -4335. What is the greatest common factor of y and 51?
51
Let v(i) = i + 3. Let y be v(0). Suppose -y*b + 5*b = 46. What is the highest common divisor of b and 161?
23
Let z(w) = -3*w - 15. Let l be z(11). Let n be l/(-21) + 2/(-7). Suppose y = -n*y + 69. Calculate the greatest common factor of y and 253.
23
Let m be (468/12)/((-6)/(-8)). Suppose 4*x = -4*b + 76, x = -3*x + 4*b + m. Let p = 26 - x. What is the greatest common divisor of p and 4?
2
Let h(w) = -w**3 + 11*w**2 - 20*w + 20. Suppose -47 = -9*n + 34. Let q be h(n). Calculate the greatest common divisor of q and 8.
2
Suppose -32*y - m + 45 = -31*y, 4*y = -2*m + 170. What is the greatest common divisor of 820 and y?
20
Suppose 5*r + 115 - 440 = 0. Suppose 9*j = 4*j + r. Suppose -4*i + 2*s + 358 = 0, -553 = -4*i - s - 186. What is the highest common divisor of i and j?
13
Let a be 4/(((-3)/18)/(2/8)). Let y be (24/(-5) + 3)/(a/20). Calculate the greatest common factor of 12 and y.
6
Let o = -20 + 35. Let p be 168/(-30)*o/(-2). Let s = p - 30. What is the greatest common divisor of s and 6?
6
Let b(o) = o**2 + 8*o - 18. Let f = 16 + -29. Let q be b(f). Let a = q - 32. Calculate the greatest common factor of a and 30.
15
Suppose -3*q = 5*t - 201, 3*t - 5*q - 225 = -2*t. What is the greatest common divisor of 182 and t?
14
Suppose 4 = d - 2. Suppose 3*v - 3*z = -6*z + 6, -3*z + d = 5*v. Suppose -3*i + 22 + 314 = v. Calculate the greatest common factor of i and 14.
14
Let v = -1659 - -1740. Let d be (-2)/5 - (-274)/10. What is the highest common factor of d and v?
27
Let x be (-1355)/(-15) - 12/(-18). Let z = 92 - x. What is the greatest common factor of z and 1?
1
Suppose -4*w = -f + 72, 0*f + 134 = 2*f - 3*w. Suppose -f - 20 = -6*p. Calculate the greatest common divisor of 21 and p.
7
Let u be 18 + 8 + -3 + -2. What is the greatest common factor of u and 84?
21
Suppose -3*r + 592 - 12 = -w, w = 2*r - 385. What is the highest common factor of 130 and r?
65
Suppose -4*u = -x - 337, 14*x - 9*x = 4*u - 341. Calculate the highest common divisor of u and 48.
12
Let h(u) = -13*u**2 + 1. Let k be h(-1). Let i = 74 + k. What is the greatest common divisor of i and 93?
31
Let g be (-6)/(-6) + (1 - 3) + 4. Let s be 466/6 + (g - 32/12). What is the greatest common divisor of 6 and s?
6
Let n(v) = v**3 - v**2 + v + 15. Let y be n(0). Let k be 10 - -1 - (2 - -4). Let r be (-6)/y - (-302)/k. What is the greatest common factor of 12 and r?
12
Let v be (11/(-3))/(16/(-96)). Suppose 27 = s + 3*l, 4*s - 3*l = -s + 171. Calculate the highest common divisor of s and v.
11
Let r(n) = 4*n**2 - 7*n - 15. Let k be r(-8). Suppose 5*f - k = 3*b - 102, -4*f = -4*b - 156. What is the highest common divisor of 3 and f?
3
Let q = 15 - 14. Let i(v) = -9*v**3 + v**2 + v - 1. Let j be i(q). Let y be (-4)/j - 69/(-2). What is the greatest common factor of 14 and y?
7
Suppose -w + 177 = -2*k, 0 = -3*k + 14 - 23. Calculate the highest common divisor of w and 19.
19
Let d(r) = -14*r**3 + 3*r**2 + 9*r + 10. Let i be d(-2). Calculate the highest common divisor of i and 348.
116
Suppose 0 = 5*w - 27*w + 242. Let c = 8 + -6. Suppose -w = -c*q + q. What is the highest common factor of q and 1?
1
Suppose -2 = g - 4. Let m(x) = -8*x + 2. Let b be m(g). Let a = 77 + b. What is the greatest common factor of a and 42?
21
Suppose 40*t = 391 + 1849. Calculate the highest common divisor of 7 and t.
7
Suppose -5*v = -6*v - 66. Let b be 8*v/(-4) - 4. What is the highest common divisor of 16 and b?
16
Let j(q) be the first derivative of -q**2/2 + 39*q + 20. Let t be j(23). Suppose -3*u = -4 - 2. What is the highest common factor of t and u?
2
Let u = -565 + 946. Suppose 4*t - 195 - u = 0. Let k = -21 - -37. Calculate the greatest common factor of t and k.
16
Suppose 0 = -8*z - 67 + 547. Calculate the greatest common divisor of z and 96.
12
Let z = -6 + 9. Suppose -z*a - 20 = 2*a. Let p(s) = 2*s**2 + 5*s - 2. Let j be p(a). Calculate the greatest common factor of 70 and j.
10
Let i be 53/4 - 14/56. Calculate the highest common divisor of 78 and i.
13
Let x = -30 - -44. Let m = x - 0. Calculate the highest common factor of 112 and m.
14
Let q = -592 + 607. What is the greatest common divisor of 1875 and q?
15
Let y(w) = w**2 + 2*w + 18. Let o be y(-8). Suppose -4*v = -2*t + 44 + 22, o = 2*t + 5*v. Let n = 46 - t. Calculate the highest common divisor of 13 and n.
13
Let k be 0 + 1077 - (40 + -38). What is the highest common divisor of k and 25?
25
Let v be 35/2*390/91. What is the highest common factor of 3 and v?
3
Let d be (30/(-9))/(12/(-162)). Let v = d - 33. Calculate the highest common factor of v and 24.
12
Let b(t) = 2*t + 13. Let y be b(-4). Let m be 4979/65 - 3/y. Calculate the highest common divisor of 38 and m.
38
Let d(z) = z**2 + 7*z + 10. Let h be d(-6). Suppose -h*p = -12*p + 32. Calculate the greatest common divisor of 6 and p.
2
Let c(v) = 2*v - v - 3 - 4*v. Let t = 152 - 162. Let u be c(t). Calculate the highest common factor of u and 3.
3
Suppose 23 - 130 = -3*q - 4*g, 3*g - 39 = -q. Let r = -8 - -14. Let l(b) = 2*b**2 - 7*b - 8. Let v be l(r). What is the highest common factor of v and q?
11
Suppose 2*b - 7 = p, -2*p - 13 = 4*b - 31. What is the highest common divisor of 4 and b?
4
Suppose 2*j + 2*j - 60 = 0. Let o be 656/40 - (-9)/j. Calculate the greatest common divisor of o and 68.
17
Let c = -47 + 41. Let u be c/(-12) + 38/12*3. Calculate the highest common factor of u and 10.
10
Let h be 6/(-45) - (-1176)/45. Let k be ((-5)/2)/(23/(-598)). What is the highest common divisor of h and k?
13
Let x be -2*2*-1*-1. Let h be 2*2/x*-3. Suppose -2*u = -4*f + 4, 4*u = 6*u - 8. Calculate the greatest common factor of f and h.
3
Let m be (33/9 - 4) + 1082/6. Calculate the highest common divisor of m and 36.
36
Let w(p) be the second derivative of -p**3/3 + 9*p**2 + 23*p. Let i be w(-13). Calculate the greatest common divisor of i and 308.
44
Suppose -16*j = -27 - 1829. Let u be (4/28 - j/28) + 238. Calculate the highest common factor of u and 26.
26
Suppose 4*x + 4*w - 240 = -0*x, 0 = -x + 2*w + 48. Calculate the greatest common factor of 140 and x.
28
Let j = 122 - 14. Calculate the highest common divisor of 594 and j.
54
Let t be 24/(-42)*21/(-6). Let z be 1/(-2)*(-32 + t). What is the greatest common factor of 5 and z?
5
Let r(q) = q**2 + 6*q - 10. Let d be r(-8). Let c be (d/(-4))/(39/(-260)). Calculate the greatest common factor of c and 40.
10
Let j(n) = -2*n**3 + 2*n**2 + n. Let p be j(-1). Let q be (-1)/(-19) - 0 - (-896)/304. Calculate the greatest common factor of p and q.
3
Let h(f) = f**3 + 12*f**2 + 14*f - 6. Let o be h(-10). Suppose o = -n + 3*n. Suppose -k - 47 = -128. What is the highest common factor of n and k?
27
Suppose 4*b + 48 = 3*k + k, -2*b + 24 = 4*k. Calculate the greatest common factor of 8 and k.
8
Let a(f) = 6*f**3 + 31*f**2 + 9*f + 27. Let y be a(-5). Calculate the greatest common factor of y and 791.
7
Let o be 5 - (3 + -3 - 3). Let y = -9 + o. Let n be (-2)/(-2) + (10 - y). Calculate the highest common factor of 48 and n.
12
Let p be 140/168 - (-35)/30. Let m be ((-102)/15)/((-2)/10). What is the greatest common divisor of m and p?
2
Let q be 10*228/60 + (-14)/(-3 + 1). Suppose -2*l + 16 = 4*u, 0*u = 2*u + 3*l - 4. What is the greatest common divisor of u and q?
5
Let u be (3 - (-2 - -4)) + 2 + 38. Suppose 2*l - 111 - u = 0. What is the highest common divisor of l and 190?
38
Let g = 1297 - 1273. What is the greatest common div